a multiple of 27?
False
Does 609 divide 89316549?
True
Is 15 a factor of 14428020?
True
Is 13442529 a multiple of 17?
True
Is 4546828164 a multiple of 159?
False
Does 18 divide 48446460?
True
Does 9 divide 1719167293?
False
Does 49 divide 154789525?
False
Is 78 a factor of 1364294646?
True
Is 17 a factor of 1926185?
True
Is 11 a factor of 30894587?
False
Is 39 a factor of 112385988?
True
Does 11 divide 585022317?
True
Is 275099599 a multiple of 11?
False
Does 769 divide 20062441?
True
Does 15 divide 97514432?
False
Does 70 divide 1055966520?
True
Is 36097928 a multiple of 8?
True
Does 4644 divide 325827684?
True
Is 622471500 a multiple of 2700?
True
Is 11 a factor of 36088206?
True
Is 37306272 a multiple of 608?
True
Does 33 divide 712746370?
False
Does 6846 divide 2606641884?
True
Is 6966000 a multiple of 1800?
True
Does 408 divide 212915208?
True
Is 3259 a factor of 172159462?
False
Is 212555805 a multiple of 7?
True
Does 39 divide 160817319?
True
Is 2945511954 a multiple of 2178?
True
Does 132 divide 146857788?
True
Is 136637376 a multiple of 8?
True
Is 497939295 a multiple of 3?
True
Is 6188 a factor of 1268645196?
True
Is 1571 a factor of 41181209?
False
Is 1347216696 a multiple of 21?
True
Is 867824910 a multiple of 93?
False
Is 963883436 a multiple of 141?
False
Is 532809534 a multiple of 291?
False
Is 66 a factor of 1481853054?
True
Is 517 a factor of 17116232?
False
Is 353 a factor of 3120954543?
True
Is 435 a factor of 65635845?
True
Is 96 a factor of 12800866?
False
Is 132 a factor of 8967024?
True
Is 16 a factor of 38677872?
True
Does 10 divide 66950540?
True
Is 108 a factor of 1537089912?
True
Does 36 divide 698757120?
True
Is 728989140 a multiple of 69?
True
Is 123387545 a multiple of 504?
False
Is 1467 a factor of 3079313685?
True
Does 573 divide 265248003?
True
Is 122744008 a multiple of 587?
False
Does 29 divide 2617071801?
False
Does 78 divide 524510?
False
Is 6 a factor of 67693139?
False
Is 40 a factor of 29464760?
True
Is 25186086 a multiple of 8?
False
Is 361213656 a multiple of 398?
True
Is 869481228 a multiple of 89?
True
Does 529 divide 286866929?
False
Does 1845 divide 131636666?
False
Is 16 a factor of 729920736?
True
Is 1937785861 a multiple of 25?
False
Does 190 divide 111969170?
False
Is 2838 a factor of 79753476?
True
Is 6 a factor of 609206460?
True
Is 201245088 a multiple of 132?
True
Is 12516168 a multiple of 981?
False
Is 17 a factor of 39367913?
False
Does 67 divide 138949893?
True
Does 13 divide 24357138?
True
Is 340 a factor of 186272740?
True
Does 223 divide 99580658?
False
Is 358657314 a multiple of 5011?
True
Is 2359 a factor of 1627823232?
True
Is 62 a factor of 38585239?
False
Is 28812357 a multiple of 333?
False
Does 33 divide 3601150?
False
Is 1207893222 a multiple of 4374?
True
Does 229 divide 33554454?
True
Does 24 divide 2551609464?
True
Does 1176 divide 1028016155?
False
Is 145296535 a multiple of 67?
True
Is 17322409 a multiple of 167?
True
Does 5240 divide 6155223640?
True
Is 9989632 a multiple of 358?
True
Is 1282 a factor of 52342778?
True
Is 31907904 a multiple of 7?
True
Is 5 a factor of 906788308?
False
Is 1731 a factor of 327901130?
False
Is 8 a factor of 361502709?
False
Is 113 a factor of 32497536?
False
Does 1827 divide 72322485?
False
Does 2754 divide 709895826?
True
Is 28596919 a multiple of 284?
False
Is 16 a factor of 3903212354?
False
Is 15 a factor of 2681805242?
False
Does 308 divide 22676273?
False
Is 1548750 a multiple of 25?
True
Is 636302108 a multiple of 131?
True
Does 706 divide 83410885?
False
Does 51 divide 77125855?
False
Is 7 a factor of 2100749?
True
Is 75 a factor of 1927409250?
True
Is 718 a factor of 118944300?
False
Is 1500463813 a multiple of 220?
False
Is 601 a factor of 23045939?
False
Is 15 a factor of 209736860?
False
Is 1815 a factor of 115058540?
False
Is 3199668 a multiple of 3?
True
Is 15708761 a multiple of 4?
False
Is 506241840 a multiple of 24?
True
Does 794 divide 65834510?
True
Does 5 divide 12695988?
False
Is 974985660 a multiple of 324?
True
Does 547 divide 111875262?
False
Is 12 a factor of 17026251?
False
Is 2033624 a multiple of 50?
False
Is 1390 a factor of 1793667370?
False
Does 1181 divide 70573017?
True
Does 179 divide 25078079?
True
Is 1098811696 a multiple of 16?
True
Does 894 divide 24099558?
True
Does 1012 divide 3164842341?
False
Does 20 divide 28169397?
False
Is 13 a factor of 32862595?
False
Is 3 a factor of 25470340?
False
Is 52333372 a multiple of 19?
True
Is 113 a factor of 13714272?
False
Does 1343 divide 1855104702?
True
Does 94 divide 955726952?
True
Does 128 divide 286668132?
False
Does 1380 divide 156101460?
True
Does 9 divide 3241448?
False
Does 93 divide 1199477172?
True
Does 9 divide 3094245?
True
Does 72 divide 864056664?
True
Does 2348 divide 29178596?
True
Does 32 divide 26004541?
False
Does 9 divide 34919559?
True
Is 5875 a factor of 2180639017?
False
Is 122 a factor of 343879491?
False
Is 123 a factor of 113321499?
True
Does 40 divide 529257080?
True
Is 899823976 a multiple of 32?
False
Does 86 divide 54348130?
True
Does 12 divide 420839520?
True
Is 465560914 a multiple of 403?
True
Is 54888762 a multiple of 456?
False
Is 12 a factor of 11061878?
False
Is 827 a factor of 237939478?
True
Does 1497 divide 654054839?
False
Is 102 a factor of 157290834?
True
Is 381 a factor of 622398959?
False
Is 19969639 a multiple of 19?
False
Does 34 divide 8874851?
False
Is 37607392 a multiple of 37?
True
Is 321858199 a multiple of 5231?
True
Is 135840032 a multiple of 16?
True
Is 494594282 a multiple of 7306?
True
Is 2759 a factor of 1361003664?
True
Does 3124 divide 1947495352?
True
Is 745455596 a multiple of 521?
False
Does 304 divide 14478608?
True
Does 408 divide 29331120?
True
Is 1952162810 a multiple of 130?
True
Is 45991530 a multiple of 15?
True
Is 42450568 a multiple of 574?
False
Is 39524306 a multiple of 77?
False
Is 235707000 a multiple of 28?
False
Is 2107672 a multiple of 7?
True
Is 3164678197 a multiple of 195?
False
Is 359 a factor of 66815285?
True
Is 42979536 a multiple of 34?
True
Is 308506792 a multiple of 682?
True
Is 101493120 a multiple of 10?
True
Is 4518 a factor of 561974033?
False
Is 2 a factor of 1973361?
False
Does 26 divide 22191702?
True
Is 734917456 a multiple of 7462?
True
Is 1821 a factor of 45940188?
True
Does 13 divide 2316053?
False
Is 134500716 a multiple of 63?
True
Is 6 a factor of 118722150?
True
Is 1596 a factor of 684064498?
False
Is 9 a factor of 13479498?
True
Does 147 divide 2992626?
True
Is 26812377 a multiple of 243?
True
Is 161 a factor of 1714693707?
False
Is 114 a factor of 47258240?
False
Is 49 a factor of 1283383425?
False
Is 17 a factor of 114707548?
False
Is 3588 a factor of 122262690?
False
Does 224 divide 31839087?
False
Is 1869506 a multiple of 58?
False
Does 147 divide 74242939?
False
Is 865704198 a multiple of 751?
False
Does 44 divide 40508925?
False
Is 584496020 a multiple of 10?
True
Is 2193 a factor of 7574622?
True
Is 2426 a factor of 372121714?
True
Is 1595 a factor of 2277269225?
True
Is 2406714 a multiple of 2?
True
Is 7513732 even?
True
Is 4325 a factor of 73637450?
True
Is 27 a factor of 11174598?
True
Is 2532 a factor of 36194940?
True
Does 105 divide 57472170?
True
Does 11 divide 466568311?
True
Is 13 a factor of 1689085034?
True
Does 23 divide 277764813?
True
Is 34459779 a multiple of 427?
False
Is 720 a factor of 312704169?
False
Is 70 a factor of 11538847?
False
Does 23 divide 457468938?
False
Is 47 a factor of 179167431?
True
Is 72564158 a multiple of 37?
False
Is 16 a factor of 56878272?
True
Is 17773675 a multiple of 365?
True
Is 1964302079 a multiple of 163?
True
Is 133 a factor of 130105787?
True
Does 476 divide 35628124?
True
Does 212 divide 689337716?
True
Does 66 divide 36557084?
False
Is 191588460 a multiple of 14?
True
Is 456851709 a multiple of 699?
False
Is 32559465 a multiple of 173?
True
Is 11 a factor of 10446159?
False
Does 3 divide 126617529?
True
Is 12 a factor of 331725044?
False
Is 1699831800 a multiple of 200?
True
Is 519 a factor of 871369860?
True
Does 283 divide 191351299?
True
Is 96 a factor of 124807859?
False
Does 38 divide 175533941?
False
Is 69 a factor of 14458279?
False
Is 10 a factor of 2719086312?
False
Is 61 a factor of 2